 + p. What is the greatest common factor of u and 372?
93
Let j be (-147)/(-9) + 2/(-6). Suppose -7*m + j = -3*m. Suppose -5*s + 53 = -5*h - 107, 116 = m*s + 2*h. Calculate the greatest common factor of 15 and s.
15
Suppose 12 = -2*k + 3*n, -5*k + n - 4*n = -12. Let d be (4/12*k)/2. Let s be 2/((d + -2)/(-2)). What is the greatest common factor of 16 and s?
2
Let z(m) be the third derivative of m**4/3 + 19*m**3/2 - 5*m**2. Let x be z(16). What is the greatest common factor of 74 and x?
37
Let h be 30/81*87 + (-26)/117. Suppose -3*f - 5 = -29. Calculate the greatest common factor of h and f.
8
Let q be 3/2*(-32)/(-12). Suppose -2*h + 3*h = q. Suppose -h*a + 492 = 2*v, -1197 = -5*v - 2*a + 3*a. What is the greatest common divisor of v and 30?
30
Let v(l) = l**3 + 6*l**2 - 6*l + 10. Let b be v(-7). Let x be (b - 1)/(-2)*-16. Let y = -1 + x. What is the greatest common divisor of y and 30?
15
Suppose -21 + 141 = 5*r - 4*k, -5*r = -k - 135. What is the greatest common divisor of 16 and r?
4
Let s(d) = d**2 - 2*d + 1. Let c be s(-3). Let b be (-1)/1 - (165 + -8). Let l = b + 222. Calculate the highest common factor of c and l.
16
Suppose -3*x - 56 = -d, -d + 2*x + 56 = -0*d. Let u be (-3 - 12)*(d/(-6) + 4). What is the highest common divisor of u and 40?
40
Let k(f) = -19*f**2 + 4 + 18*f**2 - f**3 + 0*f**3. Let x be k(0). Let l be x/14 - (-375)/35. What is the greatest common factor of 33 and l?
11
Suppose a - 10*a + 108 = 0. Calculate the highest common factor of a and 102.
6
Suppose -375 - 24 = -k. Let d = k + -217. Suppose 3*i - 58 = d. Calculate the greatest common divisor of 16 and i.
16
Let z(f) = -113*f + 1923. Let d be z(17). Suppose 2*t = 4*i - 18, -4*t - 14 = -2*i + 5*i. What is the highest common factor of i and d?
2
Suppose 0 = 4*k - 256 - 80. Let r be 3 + -2 - k/(-4). Calculate the highest common divisor of r and 11.
11
Let t be (78/10)/(-4 - 21/(-5)). What is the highest common factor of t and 429?
39
Suppose 1072 = 42*t + 190. Calculate the greatest common divisor of 1659 and t.
21
Suppose 2*q + 549*r - 544*r - 18 = 0, -q - r = -6. Calculate the greatest common divisor of 316 and q.
4
Let f = 553 - 420. Calculate the greatest common factor of f and 437.
19
Let c be 46/8 + (-11)/(-44). Let y be 27 - -1 - c*(-14)/21. What is the highest common divisor of y and 64?
32
Let t = -64 - -491. What is the greatest common factor of t and 7?
7
Suppose 32*z - 9*z = 920. Let o = -9 - -19. Calculate the highest common factor of z and o.
10
Suppose 11609 = 9*y + 10*y. What is the greatest common factor of 13 and y?
13
Let u(o) = -24*o + 28 + 11*o + 14*o. Let b be u(-13). Calculate the highest common factor of b and 75.
15
Suppose -42*y + 86 = -502. Let o(h) = h**3 - 12*h**2 + 13*h - 8. Let f be o(11). Calculate the highest common factor of f and y.
14
Let h be (0/(-2))/(2/1 + -1). Suppose 4*g = -h*p - p + 841, -1030 = -5*g + 3*p. What is the greatest common factor of g and 19?
19
Let m(l) = -l + 2. Let t be m(0). Suppose 44 = 3*c + 5*w, 2*c + 0*w + 3*w - 28 = 0. Let k be ((-3)/6)/((-2)/c). What is the greatest common factor of k and t?
2
Suppose 4*y + 3*u - 265 = 0, -5*y + 2*u = -2*u - 308. What is the highest common divisor of 128 and y?
64
Suppose 2*s - 10 = 0, -5*i = -6*s + 2*s - 85. Suppose -4*k + 35 = -21. What is the highest common divisor of k and i?
7
Let b(f) = f + 4. Suppose -4*t = -0*t + 20. Let q be b(t). Let h = q - -4. What is the greatest common divisor of h and 2?
1
Let n be (-742)/6 - (-2)/3. Let q = 233 + n. Suppose -3*c - 31 = -4*k, -35 = -4*k - k + 5*c. What is the highest common factor of q and k?
10
Let h = 950 - 845. What is the greatest common factor of h and 385?
35
Let f be 70/21*(-48)/(-10). Let n = 24 - f. Calculate the greatest common factor of n and 12.
4
Suppose -3*c = 2*k + 48, 5*k - 3*c + 136 = 37. Let g be -5*k/15*1. Let y = g - -58. What is the greatest common factor of 26 and y?
13
Let m = -5 + -9. Let o = m - -40. Suppose 6*a = 3*a + 39. Calculate the highest common divisor of o and a.
13
Let z = -56 - -83. What is the highest common factor of 54 and z?
27
Suppose -6*b + 46 + 8 = 0. Suppose t + b = 14. Let y be ((-1)/1)/((-1)/t). What is the greatest common divisor of y and 25?
5
Suppose 3*r + 1 = 4. Let c = 1647 - 1640. What is the highest common factor of r and c?
1
Suppose -5*u = -4*n - 517, 3*u - 7 - 302 = 3*n. Let q be (-4)/((-74)/70 - -1). What is the greatest common factor of q and u?
35
Let w(s) be the third derivative of s**5/15 + 4*s**3 - 24*s**2. Let a be w(-7). What is the highest common divisor of 20 and a?
20
Suppose j = -0*j - 5. Let q(g) = -29*g - 10. Let b be q(j). Let p be 12 + ((-12)/2)/(-2). Calculate the greatest common divisor of b and p.
15
Suppose -4*w + 3*w + 198 = -o, 3*w - 599 = 2*o. Let z be -5 + 1680/50 + (-2)/(-5). What is the greatest common divisor of w and z?
29
Let y(c) = 80*c**2 + c. Let a be y(1). Suppose -t + 2*n + 3 = 0, 34*t - 48 = 30*t - 4*n. What is the highest common factor of t and a?
9
Let x(v) = v**2 + 5*v + 15. Let h be x(-10). Let c = h - 46. Let s be -4*(c/(-2) + 4). Calculate the highest common factor of s and 55.
11
Suppose -3055*b + 3058*b - 66 = 0. Suppose 0*u = 2*u - 2, 3*o - 5*u = 193. What is the greatest common divisor of b and o?
22
Let k = 12 - 6. Suppose k*j = j + 15. Suppose j*x - 2*i - 3 - 5 = 0, x + i - 11 = 0. Calculate the greatest common divisor of x and 24.
6
Let k(x) = x**3 + 18*x**2 + 28*x - 8. Let s be k(-16). Suppose 4*f - 8 = 3*f. What is the highest common divisor of s and f?
8
Suppose -4*j = 5*s - j - 202, 4*j = -s + 54. Let u be (11/(-5) + 3)/((-22)/(-55)). Calculate the highest common divisor of u and s.
2
Let n be (2 - -284) + -20 + 10. Calculate the highest common factor of n and 48.
12
Let h = -10 - -12. Suppose h*z + z - 81 = 0. Suppose 0 = 7*w - 4*w - 54. Calculate the greatest common factor of z and w.
9
Let y be 606/15 - (-12)/20. Let r = y + -22. Let g be (-3 + 3)/(-2 - -1) - -19. Calculate the greatest common divisor of r and g.
19
Let q(s) be the first derivative of -3*s**2/2 - 21*s + 3. Let y be q(-14). Let g = -176 - -260. Calculate the highest common factor of g and y.
21
Let k = 704 + -672. Suppose 4*x - 4 = 4*h + 12, 0 = h. What is the highest common divisor of k and x?
4
Suppose 294*u - 293*u - 418 = 0. Calculate the greatest common factor of u and 44.
22
Let o be 11/(66/(-4))*1386/(-28). Calculate the greatest common divisor of o and 39.
3
Let j be 3 + 154/35 - (-8)/(-20). Let s(f) = 5*f**2 - 4*f + 6. Let m be s(4). Calculate the greatest common factor of j and m.
7
Let x be 3/(-10) - 31526/(-220). What is the greatest common divisor of x and 52?
13
Let l be (-6792)/(-33) + (-5 - (-285)/55). Calculate the greatest common divisor of l and 103.
103
Let d = 5443 + -2964. What is the greatest common factor of 67 and d?
67
Let z(o) = -2*o**2 - 9*o - 3. Let m(p) = -p**2 - 8*p - 4. Let a(y) = 3*m(y) - 2*z(y). Let w be a(11). What is the greatest common factor of 7 and w?
7
Let h(j) = 4*j + 31. Let y be h(-5). Suppose -5*t + 1 - y = 0, -b + 3*t = -8. Calculate the greatest common divisor of b and 1.
1
Let d be 36/(-36) + (-3176)/(-2). Calculate the highest common factor of d and 69.
69
Suppose 3*s = -3*s + 306. Suppose 8*m - 52 = 4*m. Suppose i - 4*b = s - m, -i + b + 47 = 0. Calculate the highest common factor of i and 10.
10
Suppose -4*y = -5*y. Suppose y = 3*n + 3*n - 120. Let r be (36/30)/(3/n). Calculate the highest common divisor of 72 and r.
8
Suppose 0 = -t - 5*j + 32, 64*j - 59*j = 4*t - 178. Let x be -3*1*(0 - 2). Calculate the greatest common factor of x and t.
6
Let g = 113 - 9. Calculate the highest common divisor of g and 26.
26
Suppose 3*l - 2 = -17, 5*v + 10 = -2*l. Suppose v = 8*j - 13*j + 155. What is the greatest common divisor of 124 and j?
31
Let h(j) = -243*j - 1477. Let k be h(-7). Let m = 71 + -43. What is the greatest common factor of m and k?
28
Let v be -6 + 11 + 2 + -3 - -2. Calculate the highest common divisor of v and 762.
6
Suppose 3*a + 5*k - 62 = 0, 0*a - 3*a + 102 = -3*k. Suppose d = 8*d - 1015. What is the greatest common divisor of d and a?
29
Let p(k) = -k**2 + 49*k + 472. Let h be p(57). Suppose 1 = -3*f - 2, f + 25 = 2*n. Calculate the greatest common factor of h and n.
4
Let k(a) = -31*